0/(-6))/((-1)/(-3)). Let p be k(r). Calculate the highest common factor of p and v.
3
Suppose 21*k - 23*k + 200 = 0. Calculate the greatest common divisor of 20 and k.
20
Let o(d) = -21*d - 1. Let a be o(-1). Let k = 70 + -40. What is the highest common divisor of k and a?
10
Let o(w) be the first derivative of -w**2/2 + 3*w + 4. Let d be o(6). Let x be 2/(-5 - d) - -16. Calculate the greatest common divisor of x and 15.
15
Suppose 4*i + j - 25 = 0, 0*i + 20 = 3*i + j. What is the highest common divisor of i and 25?
5
Suppose -15 = 2*n - 3*n. Calculate the greatest common divisor of n and 60.
15
Suppose 20*m = 4*m + 5888. Calculate the highest common factor of m and 16.
16
Let l = 60 + 2. Let p be l + 6/(2 + 0). What is the highest common divisor of p and 26?
13
Let k be ((-2)/5)/((-1)/(-5)). Let s be 14*((-9)/k + 2). What is the greatest common divisor of s and 13?
13
Suppose -3*q + 9 = -4*c + 3, -3*c = 0. Suppose -f + q = -9. Calculate the greatest common divisor of f and 77.
11
Let b = 211 + -130. Let m(f) = -f**3 + 8*f**2 + 13*f - 27. Let s be m(9). Calculate the highest common factor of b and s.
9
Suppose -107 - 8 = -5*q. Calculate the greatest common divisor of 92 and q.
23
Let c(o) = 2*o**2 - 6 + 9*o + 5 + 2. Let w be c(-8). Let f = w + -41. What is the greatest common divisor of 2 and f?
2
Let h = 18 - 12. Suppose 14 = -2*x - 2*m + h*m, 3*x + 5 = 2*m. What is the highest common factor of 5 and x?
1
Let o be (-1)/(-1) + 0 - (5 + -9). What is the greatest common divisor of 2 and o?
1
Suppose 7*a - 40 = 5*u + 2*a, 0 = 2*u - 4*a + 26. Let k(i) = -4*i - 4. Let v be k(u). Calculate the greatest common factor of v and 12.
4
Let q = 2 - -16. Calculate the greatest common factor of 18 and q.
18
Let l be (4/12)/(3/36). Suppose 0 = 4*s - 3*c - 14, 1 = s + 2*c + 3. What is the highest common factor of l and s?
2
Suppose -4*t - 17 + 101 = 0. Suppose 0 = -2*u + t + 15. Calculate the greatest common factor of u and 18.
18
Let b = 197 + -134. What is the highest common factor of b and 7?
7
Suppose -5*l + 3*a + 175 = 0, 7*l + 4*a = 2*l + 140. Suppose 0 = 11*w - 9*w - l. Let k be 28/12 - 2/6. Calculate the greatest common divisor of w and k.
2
Let z be 6 - 1 - (3 - 1 - -1). Calculate the highest common divisor of z and 2.
2
Let m(v) = 3*v + 52. Let y be m(36). What is the highest common divisor of y and 40?
40
Let v = -8 - -9. Suppose 2*a - 2 = 4. Let s be (-2 + 1)*-3*a. What is the highest common divisor of s and v?
1
Suppose -108 - 62 = d. Let q = d + 326. Suppose -3*n + 110 = -k, -4*k + q = 5*n - 16. Calculate the greatest common factor of n and 24.
12
Suppose -2*x + 8 = 2*x. Suppose -x*j + 3*z - 78 = -5*j, 3*z = -2*j + 57. Suppose -3*c - 84 = -5*c. What is the greatest common factor of c and j?
21
Let k = 46 - 26. What is the greatest common divisor of k and 220?
20
Let m = 195 + -191. Calculate the greatest common divisor of m and 20.
4
Let y(h) = -2*h**2 + 2*h + 4. Let j be y(-3). Let t = 108 + j. What is the highest common factor of 8 and t?
8
Let h = -110 - -180. Calculate the greatest common divisor of 14 and h.
14
Let t be (-444)/(-156) + (-1)/((-13)/2). Suppose 4*m - 5*w - 142 = 0, 5*m - 100 - 63 = -w. Calculate the greatest common divisor of m and t.
3
Suppose -6 = 3*x - 6*x. Let t(q) = q**2 + 10*q + 2. Let z be t(-10). What is the greatest common divisor of z and x?
2
Let t = -4 + 7. Let h = -15 - -10. Let i = h - -14. What is the highest common divisor of i and t?
3
Suppose -n + 2*n - 204 = -2*w, 484 = 5*w - 4*n. What is the greatest common divisor of w and 25?
25
Let i(v) = -2*v**3 - 6*v**2 + 3*v. Let p = -21 + 15. Let l be i(p). Calculate the greatest common factor of l and 18.
18
Let u = 2 + 0. Suppose 0 = -u*n - n + 96. What is the greatest common divisor of n and 16?
16
Let t be (-1 + 6/9)*9. Let b be ((-1)/t)/(3/27). Let y be 20 + 3 + 6/(-3). What is the greatest common factor of y and b?
3
Let h = -8 + 13. Suppose 4*c + 2*s - 28 = -2*s, 5*c - 3*s + h = 0. Let z be ((-3)/(6/32))/(-1). Calculate the greatest common factor of c and z.
2
Let f be 1/(-2) - (-99)/22. Suppose -3*t + 58 = -2*h, 3*t - 51 = -f*h - 5. What is the greatest common divisor of 45 and t?
9
Let i be (-6 - -1)*(1 + -2). Let l = i - 8. Let x = l - -28. What is the highest common divisor of x and 10?
5
Let t = 63 - 62. Suppose 0*d = 3*d - 42. Suppose -h = h - d. What is the highest common factor of t and h?
1
Let v(j) = j**3 - 10*j**2 - 11*j + 3. Let a be v(11). Suppose a*c = 6*c - 57. What is the highest common divisor of c and 133?
19
Let y(t) = -11*t - 10. Let w be y(-6). What is the highest common divisor of w and 84?
28
Suppose y - 9 = 29. Let d = y - 6. What is the greatest common divisor of d and 80?
16
Let o be (-2)/(-11) + (-5 - (-819)/33). Calculate the greatest common factor of 40 and o.
20
Suppose -3 - 3 = -3*n. Suppose -n*a = 19 - 91. Let z = -30 + 54. Calculate the highest common divisor of z and a.
12
Let f be 9/((-5)/2 + 1). Let j be ((-3)/f)/((-1)/(-26)). Suppose 4*q + 582 = 5*i + q, -3*i = -q - 350. Calculate the highest common factor of j and i.
13
Let l = -13 + 18. Let b be (8/1)/(l/15). Calculate the highest common factor of 168 and b.
24
Let o(a) = a**2 - 7*a - 13. Let m be o(9). Let w be (15/m)/(2/26). Calculate the highest common factor of w and 13.
13
Let c(h) = -h + 5. Suppose 0 = -m - 0*m. Let r be c(m). Let o(s) = 19*s + 2. Let a be o(2). What is the highest common divisor of r and a?
5
Let i(p) = -p**2 + 14. Let s be i(0). Suppose -5*y + 16 = 5*h - 59, 4*h = 5*y - 66. What is the highest common divisor of s and y?
14
Suppose 0 = 2*r - 3*y - 53, 3*r - 69 = -0*y + y. Suppose -5*v + 209 = 44. What is the highest common factor of v and r?
11
Let m(g) = g - 4 - 5 - 3*g. Let o be m(-6). Let z(a) = a - 7. Let s be z(10). Calculate the highest common factor of o and s.
3
Suppose -t + 2 + 34 = 0. Suppose -3*u + 4*u = 240. Let f be (4/10)/(4/u). Calculate the highest common factor of f and t.
12
Let s be (-1 - (3 + -2))*-1. Suppose -5*h - 29 = -3*w, w = -3*h - s - 7. Let u be (-6)/h*(-5 - -7). Calculate the highest common factor of 9 and u.
3
Let v = -2 - -19. Suppose -v = -w + 15. What is the highest common factor of w and 8?
8
Suppose -3*n = m - 198, 0*m - 132 = -2*n - 3*m. What is the greatest common divisor of n and 6?
6
Suppose -3*u - 3*b = -15, 3*b - 20 = 5*u - b. Let i = u - -5. Calculate the highest common factor of i and 20.
5
Suppose 5*r + 0*r = 5*v - 495, -2*r = 2. What is the highest common factor of 14 and v?
14
Suppose 4*l = 3*y - 4, -5*y = -0*y - 20. What is the greatest common divisor of l and 6?
2
Let o(h) = -6*h**3 + 2*h**2 - 2*h + 1. Let a be o(1). Let d = 12 - 6. Let z = d + a. Calculate the greatest common divisor of 3 and z.
1
Suppose 2*n = -0*n - 6. Let q be (15/2)/(n/(-6)). Calculate the greatest common divisor of q and 75.
15
Suppose 0 = 5*f + 2 - 72. Suppose -5*i = -f - 116. What is the highest common divisor of 39 and i?
13
Let r be 10/8*208/4. Let q = -25 + r. Suppose -8 - q = -3*n. Calculate the greatest common factor of n and 112.
16
Let v be 1/(-2) + 53/2. Suppose -4*j - 5*y + v = 0, -4*j - 2*y + 22 = y. Suppose j*o = o + 9. Calculate the greatest common divisor of 15 and o.
3
Let v(w) = 8*w + 2. Let y be (-7)/(-14)*6*1. Let o be v(y). Let t(n) = 7*n - 10. Let b be t(7). Calculate the highest common factor of b and o.
13
Let h(v) = -4*v - 27. Let c be h(-10). Calculate the highest common factor of c and 13.
13
Let v be (-2 + 20)*(-6)/9. Let c be (18/v)/((-3)/26). What is the highest common divisor of c and 52?
13
Let q(p) = -p**2 - 10*p - 9. Let n be q(-9). Suppose i = 3*y + y - 101, -5*y - 5*i + 145 = n. Let l = -25 + 90. What is the greatest common factor of y and l?
13
Let h be (1 - 15/(-3)) + -2. Suppose -20 = -h*d - 4*c, -6*d + d - c = -13. Let t = -28 - -30. What is the greatest common factor of t and d?
2
Let c(w) = 2*w - 27. Let u be c(17). Calculate the highest common divisor of u and 1.
1
Let d(c) = c**2 + 6*c - 2. Let s be d(-7). Suppose 0 = s*j - 2*j - 54. Let r be (-12)/5*35/(-7). Calculate the highest common divisor of j and r.
6
Suppose -4*z = 5*x - 190, x + 4*z = -x + 88. Suppose -2*a + x = 3*u, 5*u - 5*a + 4*a - 61 = 0. Calculate the highest common divisor of 36 and u.
12
Let s be 1 + 1/(-1) + 3. S